se 6, what is 344011341 - -1?
344011342
In base 3, what is 12210000 + 200022221?
220002221
In base 15, what is 6b3b - -e5d?
7a99
In base 16, what is -1590e + 6a?
-158a4
In base 16, what is 4 + -2931082?
-293107e
In base 6, what is 1041 + 3115345?
3120430
In base 10, what is 94715 - 55?
94660
In base 14, what is -b95 - -dd7?
242
In base 13, what is 57 - 12775?
-1271b
In base 9, what is -27 + 8241?
8213
In base 13, what is c25 + a07c?
aca4
In base 13, what is 5 + 318c7a5?
318c7aa
In base 9, what is -1462 - -42247?
40675
In base 13, what is -4 + -21b55aa?
-21b55b1
In base 9, what is 1 + -42006824?
-42006823
In base 9, what is 1031 - -264?
1305
In base 4, what is 10200 - -1221302001?
1221312201
In base 5, what is 12404442111 - -4?
12404442120
In base 4, what is -3 - 32002000210?
-32002000213
In base 10, what is -3776 + -8505?
-12281
In base 9, what is -3 - -1107824?
1107821
In base 11, what is -98aa - 177?
-9a76
In base 15, what is 23a6c - 54?
23a18
In base 2, what is 10010110100011100110 - -10111?
10010110100011111101
In base 2, what is -101100100110000 - 100010010?
-101101001000010
In base 15, what is 20b2e76 - 5?
20b2e71
In base 3, what is -21110 - -221111010?
221012200
In base 16, what is 4 + d8687?
d868b
In base 10, what is 32 - 95106?
-95074
In base 6, what is 323334053 - -4?
323334101
In base 7, what is 1253 + -526222?
-524636
In base 5, what is -40030101102 + 2?
-40030101100
In base 13, what is -1004a0b7 - -15?
-1004a0a2
In base 8, what is -4 - 5624524?
-5624530
In base 13, what is 0 - -3b6445c9?
3b6445c9
In base 15, what is 28 - -226be?
226e7
In base 5, what is 112 - 10202344141?
-10202344024
In base 12, what is -23 - -77629?
77606
In base 6, what is -241 + 14502403?
14502122
In base 2, what is -10011111111111001100 + -11101?
-10011111111111101001
In base 10, what is -1989 + 68993?
67004
In base 8, what is -1714 - 2740665?
-2742601
In base 6, what is -302455 - 11220?
-314115
In base 12, what is -854 + 40aa3?
4024b
In base 2, what is 10011101100 + 11110010010?
110001111110
In base 5, what is 4043 - -3401021?
3410114
In base 11, what is 61552009 + 1?
6155200a
In base 11, what is -524838 + -4?
-524841
In base 16, what is 9ff04 - b8?
9fe4c
In base 11, what is 100210 + 501?
100711
In base 6, what is -24 - 1255423204?
-1255423232
In base 11, what is -17390 - -279?
-17112
In base 6, what is -1 - -1323141104?
1323141103
In base 9, what is -22050 + -36346?
-58406
In base 9, what is -25225 + -751?
-26076
In base 4, what is -1013101222 + 10132?
-1013031030
In base 4, what is -2222011 - -13?
-2221332
In base 13, what is 2864 + -1c68?
8c9
In base 16, what is 135674 + 3a?
1356ae
In base 11, what is -1a9992175 + -4?
-1a9992179
In base 12, what is -41205 - 74?
-41279
In base 15, what is -13d3 - 1c47?
-312a
In base 7, what is -156632153 + 1?
-156632152
In base 6, what is 112 - 311412054?
-311411542
In base 11, what is -2306 + 5384?
3079
In base 8, what is -4174 + 31544?
25350
In base 10, what is 6053229 - 0?
6053229
In base 12, what is -1b6444b - -11?
-1b6443a
In base 15, what is -e9e1 + 25?
-e9bb
In base 13, what is 21a6 - -806?
29ac
In base 15, what is 0 + d2ec0?
d2ec0
In base 8, what is 330440 + 3?
330443
In base 3, what is 212 - -110102001202210?
110102001210122
In base 7, what is 155 - -535303?
535461
In base 4, what is -20332 + -3013023?
-3100021
In base 13, what is -71 + 2b06?
2a65
In base 4, what is -13 - -10222130213?
10222130200
In base 13, what is 4a + 224b3a?
224b87
In base 3, what is -20 - 10201112110010202?
-10201112110010222
In base 8, what is -24312 + 21254?
-3036
In base 11, what is 95691 - -127?
95808
In base 11, what is 889 + 1048?
1926
In base 10, what is 2 - -1111991?
1111993
In base 5, what is 114434321 - 4031?
114430240
In base 10, what is -90859 + 3?
-90856
In base 11, what is -145a745a3 + 0?
-145a745a3
In base 14, what is -3934 - -416?
-351c
In base 11, what is a62a + -76?
a564
In base 8, what is -251312 - -52?
-251240
In base 12, what is -19043 - -215?
-18a2a
In base 7, what is -2532 + 51406?
45544
In base 10, what is 2 + -62757036?
-62757034
In base 2, what is 101111111110000010 + 100011011?
110000000010011101
In base 12, what is -1a713 + -99?
-1a7b0
In base 9, what is -5814 - -2701?
-3113
In base 5, what is 21 - -131330012?
131330033
In base 14, what is 13b1b + -b3?
13a48
In base 9, what is 285 + -87555?
-87260
In base 9, what is 36134760 - -4?
36134764
In base 7, what is -12 - 44410115?
-44410130
In base 14, what is -2724 - 1a8?
-28cc
In base 4, what is 33203232212 - 13?
33203232133
In base 14, what is 1 - 1397127?
-1397126
In base 3, what is -121011001112101 - 2?
-121011001112110
In base 3, what is -12200012110022001 - 21?
-12200012110022022
In base 16, what is -2fc6983 - 0?
-2fc6983
In base 14, what is -4 - 7492321?
-7492325
In base 11, what is 303 - -38329?
38631
In base 16, what is 4ef - -83544?
83a33
In base 16, what is -3472 - -1351?
-2121
In base 10, what is -147592206 - 3?
-147592209
In base 16, what is -3 - -28f31f?
28f31c
In base 6, what is 44005241 + 0?
44005241
In base 4, what is -1011 - 1312133?
-1313210
In base 13, what is -4 - -132c849?
132c845
In base 12, what is -bb01 - -3179?
-8944
In base 10, what is 2671836 + 16?
2671852
In base 4, what is 2 + 31221311313000?
31221311313002
In base 9, what is 348067140 - -2?
348067142
In base 3, what is -1102121 + -1102101?
-2211222
In base 3, what is -220020222220000 + 11?
-220020222212212
In base 10, what is -7 + 15511595?
15511588
In base 14, what is 7b - -618990?
618a2b
In base 3, what is -12010100111 + 2?
-12010100102
In base 7, what is -646526 + 10240?
-636256
In base 6, what is -3023135 - -30?
-3023105
In base 2, what is 1010101 - -110010000010010000000?
110010000010011010101
In base 15, what is 3b - -268b0c?
268b48
In base 5, what is 423001400303 - 4?
423001400244
In base 4, what is 203 + 1310022201?
1310023010
In base 7, what is 11626555220 + -2?
11626555215
In base 7, what is -16 + 1201250?
1201231
In base 12, what is -2008a78 - 1?
-2008a79
In base 14, what is -3c4 + 10b13?
1072d
In base 16, what is -44c - -2262?
1e16
In base 3, what is 10010012021 - 12220122?
2220021122
In base 16, what is 5814768 - 1?
5814767
In base 7, what is -2242334 - -222?
-2242112
In base 15, what is -11 + bc23e?
bc22d
In base 12, what is -8083 + -a19?
-8aa0
In base 11, what is 398441 - -351?
398792
In base 4, what is 123 + 112113112232?
112113113021
In base 11, what is 1748 - -9308?
aa55
In base 7, what is -11 + -2201400?
-2201411
In base 16, what is -12d478a0 - -4?
-12d4789c
In base 13, what is -1579857 - -41?
-1579816
In base 12, what is -5370 - 541?
-58b1
In base 9, what is 10 + -818215?
-818205
In base 2, what is -111011100010011100 + 10000?
-111011100010001100
In base 11, what is -7711140 - 4?
-7711144
In base 14, what is 3bd049 - -15?
3bd060
In base 14, what is 362b0 - -32ac?
3957c
In base 15, what is 195e3c + 24?
195e61
In base 15, what is -4bb + 4ca7?
47db
In base 3, what is -2010110 + -22121102112?
-22200112222
In base 6, what is 11405 + 40511?
52320
In base 12, what is 2a - -2b0a402?
2b0a430
In base 10, what is 5277 + -57604?
-52327
In base 15, what is 78a4 - -132?
79d6
In base 11, what is -73 - 544a5?
-54568
In base 2, what is 10001001000011101 - 100001100?
10001000100010001
In base 2, what is -101010100111010101100100 - -1?
-101010100111010101100011
In base 10, what is -44 + 9223?
9179
In base 13, what is 621 - -4585?
4ba6
In base 10, what is 130321453 - -1?
130321454
In base 3, what is -1012 + -1222002211220?
-1222002220002
In base 12, what is 13383 + 4a8?
1386b
In base 13, what is -36 - -22b565?
22b52c
In base 4, what is 232202 + -2203230?
-1311022
In base 9, what is 18773 + 732?
20615
In base 4, what is 12111213 - -2001?
12113220
In base 13, what is 8 - -c010b94?
c010b9c
In base 7, what is 1535452 - -2?
1535454
In base 16, what is -4 + -20454c?
-204550
In base 12, what is 63a6ba - 1?
63a6b9
In base 3, what is -221001 + -1112111001?
-1120102002
In base 16, what is -5 - 780957?
-78095c
In base 6, what is -555533 + -43015?
-1042552
In base 13, what is -4 - -1018b?
10187
In base 5, what is -30310210213 - 4?
-30310210222
In base 10, what is -83058 - -2935?
-80123
In base 12, what is 0 - -50585b?
50585b
In base 11, what is -11 + 11125?
11114
In base 15, what is -4e7284a3 - -